e 5
-1120
What is -11801 (base 9) in base 5?
-223224
What is 30b0 (base 13) in base 4?
1221032
Convert -1000101011001111 (base 2) to base 6.
-432303
What is 32220010 (base 4) in base 3?
10001011211
What is 87ab (base 16) in base 3?
1202122100
What is c671 (base 13) in base 16?
6b4e
Convert -960 (base 11) to base 10.
-1155
What is -3412 (base 6) in base 9?
-1078
-13110 (base 4) to base 11
-396
Convert 110010010010 (base 2) to base 3.
11102012
What is 201 (base 13) in base 11?
289
b500 (base 13) to base 6
311444
Convert 35531 (base 7) to base 6.
110305
Convert 66b6 (base 14) to base 12.
a374
What is 1122122 (base 3) in base 10?
1205
Convert -965 (base 13) to base 6.
-11232
-10110100010001 (base 2) to base 6
-125225
220 (base 9) to base 3
20200
133734 (base 8) to base 13
18568
Convert -21032 (base 4) to base 5.
-4330
What is 125240 (base 6) in base 14?
42c8
-1113 (base 8) to base 14
-2dd
Convert -36263 (base 9) to base 15.
-72d6
46a (base 14) to base 8
1556
Convert 122002 (base 8) to base 3.
2010121001
Convert 41 (base 6) to base 11.
23
-3817 (base 12) to base 3
-22201101
What is 60660 (base 8) in base 11?
17875
-146446 (base 7) to base 10
-28699
21544 (base 6) to base 14
1156
What is 6101 (base 9) in base 11?
3391
Convert -fe9 (base 16) to base 12.
-2435
What is 154550 (base 6) in base 7?
62460
What is -1dac (base 14) in base 13?
-262a
What is -1114 (base 8) in base 4?
-21030
Convert -31042 (base 6) to base 10.
-4130
What is -6ec8 (base 16) in base 3?
-1102220101
Convert -b2 (base 16) to base 12.
-12a
a8 (base 15) to base 9
185
What is -3052 (base 10) in base 12?
-1924
What is 2220220 (base 3) in base 11?
1667
Convert 110110010100011 (base 2) to base 4.
12302203
5203 (base 7) to base 4
130120
What is -15244 (base 7) in base 14?
-1794
What is -8846 (base 12) in base 4?
-3222312
Convert 8426 (base 9) to base 4.
1200210
What is 446 (base 11) in base 2?
1000010110
Convert 36 (base 12) to base 14.
30
What is -31321 (base 4) in base 8?
-1571
Convert -111010110 (base 2) to base 9.
-572
-1262 (base 7) to base 14
-269
What is 111102 (base 3) in base 8?
552
Convert -14004 (base 5) to base 11.
-937
What is -4024 (base 7) in base 10?
-1390
Convert 1a9a6 (base 12) to base 7.
222660
-e8a (base 15) to base 12
-1a94
What is 2503 (base 6) in base 13?
384
Convert 3596 (base 13) to base 7.
31016
What is 1440 (base 10) in base 11?
109a
Convert -230 (base 14) to base 2.
-110110010
-1331210 (base 5) to base 9
-41101
408 (base 14) to base 12
560
b75 (base 12) to base 7
4610
Convert 2607 (base 9) to base 10.
1951
Convert 2463 (base 7) to base 3.
1021100
Convert -10e0 (base 15) to base 14.
-1441
-11459 (base 10) to base 11
-8678
Convert -5655 (base 8) to base 11.
-2278
Convert 54bc (base 13) to base 11.
8972
Convert 45609 (base 10) to base 15.
d7a9
1000020 (base 3) to base 6
3223
Convert -2010 (base 7) to base 14.
-377
3e8 (base 16) to base 13
5bc
-483 (base 15) to base 4
-33333
-22123 (base 4) to base 15
-2e7
167 (base 13) to base 15
11e
Convert -163 (base 12) to base 3.
-22010
-7494 (base 13) to base 9
-24163
What is 5278 (base 15) in base 2?
100010000011110
Convert -41679 (base 11) to base 4.
-32310203
What is 19a (base 11) in base 16?
e6
10201202212 (base 3) to base 7
424115
What is -110100001001001 (base 2) in base 11?
-19070
Convert -95c (base 15) to base 6.
-13440
221011 (base 4) to base 7
10444
Convert 22eb (base 15) to base 10.
7421
What is -1232 (base 6) in base 11?
-260
Convert 21300103 (base 4) to base 15.
bc8a
Convert -210012 (base 3) to base 8.
-1074
Convert 10132 (base 4) to base 9.
347
Convert -400 (base 13) to base 15.
-301
4611 (base 7) to base 10
1674
Convert -389c (base 15) to base 9.
-17503
-1092 (base 12) to base 5
-24323
-533355 (base 6) to base 8
-125047
Convert -14958 (base 11) to base 15.
-63cc
What is 1100000010011 (base 2) in base 3?
22110021
Convert 16b2 (base 14) to base 6.
30512
5e3 (base 15) to base 11
1007
What is -225 (base 10) in base 6?
-1013
-1123 (base 16) to base 4
-1010203
What is -465 (base 9) in base 3?
-112012
-8695 (base 12) to base 15
-45bb
Convert b391 (base 16) to base 15.
d949
Convert 6072 (base 16) to base 15.
74b0
1165 (base 10) to base 16
48d
What is 150 (base 7) in base 10?
84
Convert 114512 (base 9) to base 11.
47885
Convert -bd3 (base 14) to base 11.
-1839
-3cd (base 15) to base 16
-364
What is -3110 (base 4) in base 5?
-1322
Convert 12332301 (base 4) to base 7.
146235
-9866 (base 14) to base 4
-12123302
What is 19ab (base 14) in base 3?
20101120
What is -1e89 (base 15) in base 6?
-50450
What is -1000 (base 4) in base 16?
-40
Convert 170 (base 13) to base 6.
1112
Convert 3030 (base 7) to base 9.
1386
Convert 2334 (base 8) to base 5.
14434
What is 4b61 (base 12) in base 11?
6490
7324 (base 12) to base 5
400211
What is 13236 (base 7) in base 4?
313203
-1011011000001 (base 2) to base 11
-4416
Convert 1968 (base 11) to base 5.
34434
What is -b786 (base 16) in base 8?
-133606
What is 1111100212 (base 3) in base 15?
8abb
What is 10b7 (base 12) in base 4?
131023
10cd (base 16) to base 9
5808
2342 (base 7) to base 6
3555
Convert -3581 (base 10) to base 8.
-6775
Convert -1011110100011 (base 2) to base 6.
-44003
What is 10300 (base 4) in base 2?
100110000
What is -1b12 (base 15) in base 10?
-5867
Convert -667 (base 15) to base 16.
-5a7
-14661 (base 12) to base 8
-67651
Convert 552504 (base 6) to base 10.
45976
What is -51304 (base 8) in base 6?
-242032
What is -10000000010011010 (base 2) in base 13?
-23b91
Convert -a54 (base 11) to base 3.
-1202000
What is 1b27c (base 14) in base 16?
10dee
Convert 4411 (base 7) to base 3.
2011101
What is -d605 (base 14) in base 11?
-25763
131205 (base 8) to base 3
2022200122
What is 3843 (base 15) in base 2?
10111011010100
-96a (base 12) to base 6
-10214
What is 5b (base 15) in base 10?
86
What is -c86 (base 16) in base 9?
-4352
Convert -2035b (base 12) to base 5.
-2320400
What is 7010 (base 10) in base 12?
4082
Convert 412400 (base 6) to base 12.
17100
Convert 160236 (base 8) to base 15.
12087
What is -1744 (base 9) in base 6?
-10104
Convert 131420 (base 8) to base 5.
2431330
Convert b21 (base 12) to base 4.
121021
What is 8003 (base 10) in base 13?
3848
-1416 (base 10) to base 14
-732
-10101000100011 (base 2) to base 10
-10787
What is -10787 (base 12) in base 2?
-101010101010111
Convert -2814 (base 9) to base 6.
-13451
What is -1000222 (base 3) in base 14?
-3bd
Convert -40321 (base 5) to base 2.
-101000011010
Convert -14 (base 7) to base 13.
-b
2824 (base 11) to base 2
111001001000
-18e2 (base 15) to base 2
-1010100001011
Convert -1ba0 (base 14) to base 16.
-13b0
3431 (base 5) to base 14
271
Convert -53615 (base 7) to base 8.
-32034
Convert 55311 (base 11) to base 3.
11002001200
What is -222b (base 12) in base 8?
-7303
4b8b (base 12) to base 15
2838
-3315 (base 8) to base 12
-1011
Convert -c2b4 (base 15) to base 14.
-10db1
-73458 (base 9) to base 4
-23311223
-110011110 (base 2) to base 8
-636
What is -1010010010010 (base 2) in base 12?
-306a
Convert 22272 (base 11) to base 9.
48230
-28f7 (base 16) to base 5
-313422
What is -2434 (base 5) in base 3?
-111200
Convert 3467 (base 12) to base 11.
4429
230024 (base 5) to base 2
1111111001011
What is -775 (base 16) in base 9?
-2551
Convert -313 (base 15) to base 14.
-377
Convert 1100002002 (base 3) to base 10.
26300
What is -551 (base 7) in base 14?
-161
Convert -43425 (base 12) to base 4.
-111222131
10000010111100 (base 2) to base 11
6329
What is -767 (base 10) in base 13?
-470
1bb7 (base 13) to base 5
113311
1760 (base 8) to base 13
5c7
Convert 29741 (base 10) to base 6.
345405
323 (base 10) to base 12
22b
What is -11101111010100 (base 2) in base 4?
-3233110
What is 1001001 (base 2) in base 12?
61
55155 (base 7) to base 10
13809
-22402 (base 5) to base 3
-2012100
Convert -7011 (base 8) to base 2.
-111000001001
31022 (base 6) to base 5
112433
What is -111210 (base 6) in base 11?
-7045
Convert 11322 (base 6) to base 5.
23014
Convert -1201 (base 13) to base 16.
-9e8
What is 4982 (base 13) in base 14?
3b1d
What is -a91 (base 11) in base 10?
-1310
Convert -130b (base 12) to base 11.
-16a4
What is 1152 (base 6) in base 13?
18b
161 (base 7) to base 13
71
10100100120 (base 3) to base 11
45540
2035 (base 12) to base 11
269a
Convert 2340 (base 7) to ba